3*y - 717. Give w(-137).
-306
Let k(f) = -f**2 - 2367*f - 207694. Calculate k(-91).
-578
Let q(t) = t**3 - 11*t**2 - 18692*t + 168395. Give q(9).
5
Let b(c) = -5*c**3 + 807*c**2 - 334*c + 1654. What is b(161)?
-278
Let b(d) = 4*d**3 + 27*d**2 - 179*d - 5. Calculate b(-9).
877
Let l(g) = -g**3 + 24*g**2 - 2096*g + 27353. What is l(14)?
-31
Let c(y) = -25*y**2 + 1654*y - 246. Calculate c(66).
18
Let c(y) = -25*y**3 + 181*y**2 - 30*y + 195. Give c(7).
279
Let y(k) = -403*k**2 - 1242*k - 12. Determine y(-3).
87
Let s(i) = i**3 + 7*i**2 + 16*i + 939. Calculate s(-11).
279
Let o(t) = t**3 - 7*t**2 - 315*t + 117. Determine o(-14).
411
Let g(m) = -5*m**3 + 13*m**2 + 15465*m - 123806. Calculate g(8).
-1814
Let b(u) = u**3 - 905*u**2 + 6314*u - 25148. What is b(898)?
-4
Let x(t) = 319*t + 38386. Calculate x(-121).
-213
Let p(s) = s**3 - 7*s**2 - 24202*s + 169397. What is p(7)?
-17
Let z(f) = -2*f**3 + f**2 - 1354*f + 6799. Determine z(5).
-196
Let h(m) = 86717*m + 30784538. Calculate h(-355).
3
Let g(q) = -2*q**3 - 16*q**2 + 17*q + 40. Give g(-2).
-42
Let m(x) = 551*x**2 + 86511*x + 623. Determine m(-157).
-5
Let g(o) = -o**2 - 1379*o - 87837. Give g(-67).
67
Let k(x) = 2*x**3 + 20*x**2 - 148*x - 265. Determine k(-14).
239
Let y(o) = 17573*o + 87916. Determine y(-5).
51
Let j(b) = -b**3 - 79*b**2 - 97*b - 340. Give j(-78).
1142
Let s(q) = -q**3 + 1369*q**2 - 38857*q - 103. Determine s(29).
-16
Let q(t) = 2*t**2 - 29*t + 152. What is q(6)?
50
Let g(a) = -46*a**2 + 4088*a + 327. Calculate g(89).
-207
Let p(x) = 2*x**3 - 44*x**2 - 57*x + 1259. Calculate p(22).
5
Let d(k) = 10638*k + 79778. What is d(-7)?
5312
Let p(m) = -4*m**3 + 9*m**2 - 1459*m + 4373. Determine p(3).
-31
Let l(h) = 2*h**2 + 4*h - 1405. Give l(-32).
515
Let z(i) = 15*i**2 + 156*i + 167. What is z(-6)?
-229
Let y(r) = -r**3 - 279*r**2 - 2391*r + 10338. Give y(-270).
-192
Let l(b) = -641*b + 2759. Determine l(4).
195
Let f(y) = -y**3 - 59*y**2 + 574*y + 30839. Determine f(-60).
-1
Let r(x) = -397*x + 27. Calculate r(-4).
1615
Let t(f) = 8117229*f - 16234459. What is t(2)?
-1
Let w(a) = -a**3 + 24*a**2 + 377*a + 244. Give w(35).
-36
Let d(n) = 16211*n + 81063. Give d(-5).
8
Let m(n) = 5*n**3 + 16*n**2 - 158*n - 36. Determine m(7).
1357
Let x(z) = -z**3 - 36*z**2 - 418*z - 19607. Give x(-38).
-835
Let r(m) = 59*m**2 - 1036*m + 1504. Give r(16).
32
Let g(x) = -11698*x - 105272. Calculate g(-9).
10
Let s(j) = -2950*j - 13582. Calculate s(-5).
1168
Let z(c) = 2*c**2 + 489*c + 7464. Give z(-16).
152
Let h(g) = g**3 + 856*g**2 - 8690*g + 253. Determine h(10).
-47
Let v(o) = 146*o - 737. Calculate v(4).
-153
Let d(o) = 14424*o - 302909. Calculate d(21).
-5
Let j(a) = -2*a**3 - 150*a**2 - 523*a + 3211. What is j(-71)?
16
Let q(i) = 18*i + 719. Determine q(-220).
-3241
Let k(q) = -12568*q - 284. Give k(0).
-284
Let g(l) = -767*l**2 - 1226440*l - 11187. What is g(-1599)?
6
Let b(t) = 20*t**2 + 3332*t - 1047. Calculate b(-167).
289
Let d(k) = 3*k**3 + 260*k**2 + 2213*k - 815. What is d(-77)?
725
Let g(j) = j**3 + 45*j**2 + 167*j + 3321. Calculate g(-43).
-162
Let d(l) = 581*l + 33926. Determine d(-58).
228
Let d(n) = -1776*n - 14601. Calculate d(-9).
1383
Let i(n) = -n**2 + 65384*n - 653720. Determine i(10).
20
Let t(g) = g**3 - 103*g**2 + 262*g + 96. Give t(3).
-18
Let u(a) = -14*a**2 + 214*a - 2845. Determine u(0).
-2845
Let d(t) = 117928*t + 10495597. What is d(-89)?
5
Let j(i) = -i**2 - 3412*i - 2705224. Give j(-1253).
3
Let b(x) = x**3 + 76*x**2 + 1250*x + 89. Calculate b(-52).
-15
Let v(o) = o**3 - 49*o**2 + 81*o - 1405. Calculate v(48).
179
Let w(u) = 306614*u - 613238. Give w(2).
-10
Let s(p) = 2*p**3 + 48*p**2 - 8*p - 757. Determine s(-21).
2057
Let c(g) = -3322*g + 129560. Calculate c(39).
2
Let f(a) = a**2 - 6*a - 346. Determine f(-10).
-186
Let h(b) = -b**3 - 516*b**2 - 31965*b + 200. Calculate h(-72).
-16
Let v(p) = -4*p**3 - 77*p**2 + 32*p - 608. What is v(-20)?
-48
Let f(z) = -5*z**2 + 316*z + 271. Calculate f(64).
15
Let h(q) = -727*q - 58222. What is h(-77)?
-2243
Let i(n) = -7*n**2 - 47*n - 30. What is i(-6)?
0
Let s(x) = 13230*x + 41093. Give s(-3).
1403
Let z(y) = -y**3 + 46*y**2 - 416*y - 2614. Give z(27).
5
Let c(l) = 25*l**2 - 167*l - 3763. Determine c(16).
-35
Let c(u) = -10*u**2 + 14*u + 143. Calculate c(-5).
-177
Let s(l) = 31917*l - 63817. Give s(2).
17
Let c(z) = 2*z**3 + 657*z**2 + 35989*z - 3144. Calculate c(-259).
-36
Let t(z) = 3*z**3 + 430*z**2 + 182*z + 5612. What is t(-143)?
35
Let t(i) = 25*i**2 + 1809*i + 5432. Determine t(-3).
230
Let z(f) = -15*f**2 + 2705*f - 814. Calculate z(180).
86
Let w(l) = l**3 - 106*l**2 - 653*l - 2382. Give w(112).
-254
Let g(y) = -761496*y + 5330484. Determine g(7).
12
Let f(r) = 54*r**3 - 2*r**2 - 37*r + 73. What is f(2)?
423
Let h(t) = t**3 - 312*t**2 - 1726*t + 1066. Calculate h(-6).
-26
Let j(v) = 43*v**2 - 132*v + 662. Calculate j(5).
1077
Let y(j) = 6*j**3 + 913*j**2 - 793*j - 4201. Calculate y(-153).
83
Let m(g) = 1296*g + 9808. What is m(-9)?
-1856
Let x(s) = 3*s**2 - 8394*s - 33573. Determine x(-4).
51
Let s(a) = -a**2 - 372*a + 35605. Calculate s(79).
-24
Let v(w) = 37*w**2 - 3817*w + 24864. Give v(7).
-42
Let o(u) = 2*u**2 - 8*u - 19614. Give o(101).
-20
Let x(v) = -7*v**2 - 96*v + 4796. What is x(-34)?
-32
Let b(z) = -19372*z + 135501. Calculate b(7).
-103
Let l(r) = 6186*r + 86609. What is l(-14)?
5
Let a(w) = -w**3 - 9*w**2 + 2505*w + 29634. What is a(-12)?
6
Let q(n) = -2*n**3 - 7*n**2 - 66*n - 57. What is q(-2)?
63
Let a(o) = 2245*o + 233426. Determine a(-104).
-54
Let p(j) = -2*j**3 - 1151*j**2 + 516*j - 34571. Calculate p(-576).
-11
Let l(r) = -27334*r - 847537. What is l(-31)?
-183
Let v(b) = 13*b**2 + 144*b + 181. Determine v(-11).
170
Let p(i) = 6226*i - 292624. Calculate p(47).
-2
Let s(y) = -153*y**2 + 605*y + 28. Give s(4).
0
Let r(h) = -12322*h + 5631068. Calculate r(457).
-86
Let a(p) = -p**3 - 404*p**2 - 4697*p + 2743. Calculate a(-392).
-1
Let x(s) = 397*s**3 + s**2 + 23*s - 25. Determine x(1).
396
Let s(c) = c**2 - 42231*c - 1859995. Calculate s(-44).
105
Let u(v) = -1929*v + 748511. Give u(388).
59
Let p(k) = 21*k**3 - 27*k**2 - 122*k - 10. Give p(3).
-52
Let j(b) = -b**3 + 13*b**2 + 54*b + 40. Give j(-7).
642
Let c(h) = -h**2 - 182*h + 25131. Determine c(-274).
-77
Let r(l) = -396*l**2 - 11105*l - 475. Calculate r(-28).
1
Let y(k) = -k**2 - 1536*k + 4065. Give y(0).
4065
Let j(o) = -26*o**2 + 1152*o + 576. Determine j(45).
-234
Let k(j) = 17821*j - 1211820. Determine k(68).
8
Let q(y) = -y**3 - 141*y**2 - 397*y + 2430. Calculate q(-138).
84
Let f(h) = -h**2 + 28708*h - 2575625. What is f(90)?
-5
Let n(x) = 4*x**2 - 2672*x - 335210. Give n(-108).
22
Let t(d) = -23*d**2 - 8451*d + 47737. Calculate t(-373).
-7
Let d(m) = 16*m - 2154. Calculate d(-41).
-2810
Let q(d) = d**3 - 222*d**2 + 318*d - 21599. Give q(221).
-162
Let k(u) = 5*u**2 - 339*u + 1277. What is k(64)?
61
Let m(l) = -l**2 + 362*l - 8150. Calculate m(24).
-38
Let z(x) = x**2 - 3594*x + 219015. Calculate z(62).
31
Let g(j) = -9*j**3 - 243*j**2 - 19*j + 15. Calculate g(-27).
528
Let y(c) = -4*c**2 - 2164*c - 228701. Determine y(-144).
-29
Let s(c) = -c**3 + 25*c**2 + 358*c + 942. Give s(34).
2710
Let t(l) = -18922*l - 832572. Determine t(-44).
-4
Let m(p) = 1542*p - 41788. What is m(27)?
-154
Let c(o) = 2*o**2 + 175*o + 2886. What is c(-23)?
-81
Let t(h) = -h**3 - 2*h**2 + 43*h - 394. Calculate t(0).
-394
Let t(f) = f**2 - 1002*f + 14803. Determine t(15).
-2
Let s(h) = 5*h**2 + 402*h + 939. Determine s(-78).
3
Let g(k) = -1138*k + 33735. Give g(30).
-405
Let n(l) = 117*l**2 - 64*l + 62. Give n(1).
115
Let o(a) = -96*a**2 - 6327*a + 673. Give o(-66).
79
Let r(f) = -8*f**2 + 38*f + 427. Determine r(-6).
-89
Let f(z) = -15*z**2 + 63829*z + 191495. Calculate f(-3).
-127
Let y(r) = r**3 - 61*r**2 - 432*r - 13867. Determine y(70).
-7
Let m(l) = 11*l**3 + 310*l**2 - 615*l - 770. Give m(-30).
-320
Let a(k) = k**3 + 140*k**2 + 924*k - 1225. What is a(-133)?
-294
Let w(k) = 331*k + 23342. Calculate w(-62).
2820
Let g(h) = -11*h**2 - 2*h + 200. What is g(13)?
-1685
Let k(b) = 6*b**3 - 5*b**2 + 87*b + 299. Give k(-3).
-169
Let h(r) = r**3 - 15*r**2 + 654*r + 18306. Determine h(-16).
-94
Let o(z) = -z**2 + 154*z + 4341. Determine o(180).
-339
Let y(v) = -26